tor of 13786728 and 8.
8
What is the greatest common divisor of 14695 and 130?
5
What is the highest common divisor of 1786 and 242003?
893
Calculate the greatest common factor of 667923 and 1005.
201
What is the highest common factor of 2923 and 30099?
79
What is the highest common divisor of 1435823 and 53?
53
What is the highest common divisor of 106 and 11077?
53
What is the greatest common factor of 266876 and 1096?
548
Calculate the greatest common divisor of 35200 and 130900.
1100
Calculate the greatest common factor of 22882 and 748.
34
Calculate the greatest common divisor of 1328 and 40.
8
Calculate the greatest common divisor of 719195 and 415.
415
What is the greatest common factor of 1347 and 588?
3
Calculate the greatest common factor of 231084 and 84.
84
Calculate the highest common factor of 54340 and 416.
52
What is the highest common factor of 14781 and 78?
39
What is the highest common factor of 849 and 3475523?
283
What is the greatest common factor of 402 and 301232?
134
Calculate the highest common divisor of 425264 and 56.
56
What is the greatest common factor of 1912 and 385507?
239
What is the greatest common factor of 100 and 4776?
4
Calculate the greatest common divisor of 68770 and 520.
130
Calculate the greatest common divisor of 71 and 166637.
71
What is the highest common divisor of 15280 and 136565?
955
Calculate the highest common factor of 178 and 592562.
178
What is the greatest common factor of 2748421 and 104?
13
What is the greatest common divisor of 104927 and 5627?
331
Calculate the greatest common divisor of 19020 and 17340.
60
What is the greatest common divisor of 1107928 and 1184?
296
Calculate the greatest common factor of 191614 and 2086.
298
What is the highest common factor of 280168 and 21?
7
What is the greatest common factor of 80 and 784?
16
Calculate the highest common factor of 65 and 219115.
65
What is the highest common factor of 27 and 28980?
9
What is the highest common factor of 10263998 and 268?
134
What is the highest common factor of 29459 and 5696?
89
Calculate the greatest common divisor of 2352 and 175224.
1176
Calculate the highest common factor of 70163 and 5.
1
Calculate the highest common factor of 21444534 and 111.
111
Calculate the greatest common divisor of 1376 and 800.
32
Calculate the highest common factor of 561 and 31229.
187
What is the highest common factor of 13 and 7631?
13
What is the greatest common divisor of 45 and 32345?
5
Calculate the highest common factor of 5939 and 1.
1
What is the greatest common factor of 896 and 41908?
4
Calculate the highest common divisor of 1040 and 1300.
260
What is the greatest common factor of 118 and 8791?
59
What is the greatest common divisor of 7090211 and 38?
19
What is the highest common factor of 229776 and 12?
12
What is the highest common divisor of 238458 and 66?
66
What is the greatest common factor of 25 and 146225?
25
What is the highest common factor of 118986 and 18?
6
What is the greatest common divisor of 1768252 and 712?
356
Calculate the greatest common divisor of 96 and 5022.
6
Calculate the highest common divisor of 53 and 103933.
53
What is the greatest common factor of 297 and 28611?
99
What is the greatest common factor of 28296 and 33696?
216
Calculate the greatest common factor of 7146 and 1674.
18
Calculate the greatest common divisor of 18673 and 5822.
71
What is the greatest common factor of 119100 and 40?
20
Calculate the greatest common divisor of 963344 and 96.
16
What is the highest common divisor of 1665 and 4551?
111
Calculate the greatest common factor of 9966 and 407.
11
What is the greatest common factor of 480 and 19110?
30
Calculate the greatest common factor of 38 and 232.
2
What is the highest common divisor of 221 and 111673?
17
What is the greatest common divisor of 273 and 1261?
13
What is the highest common factor of 42 and 161770?
14
Calculate the greatest common divisor of 452 and 9138988.
452
Calculate the highest common factor of 1211 and 7439.
173
Calculate the greatest common factor of 26868 and 2796.
12
What is the highest common factor of 208 and 253942?
26
Calculate the highest common factor of 342 and 59679.
171
What is the greatest common divisor of 109613 and 49?
49
Calculate the greatest common divisor of 38982 and 890.
178
What is the greatest common divisor of 1876 and 28609?
469
What is the greatest common factor of 44814 and 132?
66
What is the highest common divisor of 33 and 22344?
3
Calculate the greatest common factor of 228 and 825664.
76
Calculate the greatest common factor of 6 and 6753.
3
What is the greatest common factor of 98 and 4718?
14
Calculate the greatest common factor of 8960 and 94500.
140
Calculate the greatest common factor of 1395 and 2430.
45
What is the greatest common divisor of 1947 and 23298?
33
What is the greatest common factor of 104 and 6045?
13
What is the greatest common factor of 389045 and 15249?
391
What is the highest common factor of 39 and 12780729?
39
What is the highest common divisor of 6378 and 1529657?
1063
What is the greatest common factor of 5407888 and 992?
496
Calculate the greatest common factor of 16540 and 660.
20
What is the greatest common factor of 1470 and 24?
6
Calculate the highest common divisor of 1316 and 2674770.
658
Calculate the highest common factor of 1303658 and 148.
74
Calculate the highest common factor of 74 and 80438.
74
Calculate the greatest common factor of 20 and 5066940.
20
Calculate the greatest common factor of 2532 and 1234983.
633
What is the greatest common divisor of 704 and 887392?
352
Calculate the greatest common factor of 92194 and 124.
62
Calculate the highest common divisor of 8 and 8122.
2
What is the highest common factor of 192055 and 355?
355
Calculate the highest common factor of 199325 and 2380.
595
What is the highest common factor of 82697 and 328?
41
What is the highest common divisor of 150 and 5790?
30
Calculate the highest common divisor of 461736 and 8.
8
Calculate the greatest common divisor of 596 and 479929.
149
Calculate the greatest common divisor of 163 and 443.
1
What is the highest common factor of 2151 and 63?
9
Calculate the greatest common divisor of 23230 and 139150.
230
What is the highest common divisor of 23674 and 42?
14
What is the highest common factor of 110 and 88605?
55
Calculate the greatest common divisor of 165 and 555.
15
What is the highest common factor of 412 and 188078?
206
What is the highest common divisor of 2257 and 2989?
61
Calculate the greatest common divisor of 127832 and 16.
8
Calculate the greatest common factor of 16 and 80656.
16
Calculate the greatest common factor of 236 and 432116.
236
Calculate the highest common factor of 230922 and 48.
6
Calculate the highest common divisor of 60732 and 1008.
252
Calculate the highest common factor of 2048 and 697856.
512
Calculate the highest common divisor of 390186 and 90.
18
Calculate the greatest common factor of 3611403 and 82.
41
What is the greatest common divisor of 27025 and 50?
25
Calculate the greatest common divisor of 37 and 6792349.
37
What is the greatest common divisor of 4 and 14164?
4
What is the highest common divisor of 5643 and 803871?
513
Calculate the highest common factor of 2 and 93046.
2
Calculate the greatest common divisor of 36 and 232656.
12
Calculate the highest common factor of 314 and 114139.
157
What is the highest common factor of 1043 and 100873?
149
What is the greatest common factor of 2453503 and 3081?
1027
What is the highest common factor of 47 and 1141254?
47
Calculate the highest common divisor of 41468 and 8.
4
What is the greatest common divisor of 5665 and 990?
55
Calculate the greatest common factor of 22 and 2724436.
22
Calculate the highest common divisor of 8714 and 18.
2
What is the highest common divisor of 13435 and 40?
5
What is the highest common factor of 2523 and 641103?
87
Calculate the highest common factor of 360 and 9936.
72
What is the greatest common factor of 75 and 189675?
75
What is the greatest common factor of 79 and 56801?
79
What is the greatest common factor of 8235 and 2475441?
1647
What is the greatest common factor of 491947 and 46?
23
Calculate the greatest common divisor of 7416 and 87550.
206
What is the hi